ppose -3*y + 2*f + 162 + 334 = 0, -5*y + 830 = -5*f. Let u be ((-6)/4)/((-3)/410). Calculate the greatest common factor of u and y.
41
Let u be 98*((-14)/(-4) + -2). Let w = u - 75. Let r be (-20)/(-100)*-6 + (-172)/(-10). What is the greatest common factor of w and r?
8
Let f = -2848 + 2873. Calculate the greatest common divisor of 87025 and f.
25
Suppose 0 = -f - 0*f + 1, -5*y + 1356 = -4*f. Calculate the greatest common divisor of y and 800.
16
Let h = 15 - 9. Let i(p) = 83*p - 54. Let d be i(h). What is the highest common divisor of 12 and d?
12
Suppose 39*t = 253 + 293. What is the greatest common factor of t and 1183?
7
Let y(h) = h**2 - 101*h + 1797. Let l be y(15). What is the highest common factor of l and 6?
3
Suppose -39440 = 12121*s - 12150*s. What is the greatest common divisor of s and 1564?
68
Let a(r) = r**2 + 4*r + 1. Let o be a(-5). Let i = -114 - -150. Suppose -i = -5*q - o. What is the highest common factor of 30 and q?
6
Let t be 22/(5*(-8)/(-60)). Let y = t - 32. What is the greatest common divisor of y and 12?
1
Let t be 5 + 5 + (15 - 5). Suppose 60 - 24 = z. What is the highest common factor of t and z?
4
Suppose -667*p = -340*p - 331*p + 4. Suppose 38 = 4*a - 62. Calculate the highest common factor of a and p.
1
Let f(t) = 2980*t**3 - 11*t + 11. Let q be f(1). Calculate the highest common factor of q and 60.
20
Suppose 5385 = 48*a + 1593. What is the greatest common factor of a and 5293?
79
Let c(u) = -283*u - 13129. Let h be c(-151). What is the highest common divisor of h and 12?
12
Suppose -j + 3*y + 39 = 0, -2*y - 4 - 2 = 0. Calculate the greatest common divisor of 15 and j.
15
Suppose -795 = -3*b - 18*i + 21*i, -2*b - 2*i = -550. Let v = -68 - -98. Suppose k = -0*k + v. Calculate the greatest common factor of k and b.
30
Let v(t) = -13*t**2 + 1 - 7*t**2 - t + 0*t**3 - t**3 + 8*t**2. Suppose 2*i + 36 = -i. Let u be v(i). Calculate the greatest common factor of u and 26.
13
Let t(f) = 57*f**2 + f. Let i be t(-1). Let j be -1*(-2 + 5) + 1 + 16. Let d = i + j. What is the greatest common divisor of 14 and d?
14
Suppose y - 3*k - 1558 = 0, k + 174 = 168. Calculate the greatest common divisor of y and 140.
140
Let s = 43 + -363. Let o be (-2882)/(-20) - (-32)/s. Calculate the highest common divisor of 72 and o.
72
Suppose 0 = -177*j - 133*j + 3720. What is the highest common divisor of j and 3327?
3
Let y(w) = -39*w**2 + 276*w + 32. Let c be y(7). Calculate the greatest common factor of c and 14257.
53
Suppose -20 = -59*o + 57*o. Suppose -o*c - 2925 = -23*c. Calculate the highest common factor of 90 and c.
45
Let r = 64297 - 64287. Let p(x) = 8*x. Let t be p(1). Calculate the greatest common divisor of r and t.
2
Suppose -9*m + 4*m - 5 = -o, o = m + 1. Suppose -11*u - 638 + 1562 = o. What is the highest common factor of 84 and u?
84
Suppose 0*g + 7*g + 3*g = 0. Let i be (g - 15*2)/(9/(-12)). Calculate the highest common factor of i and 30.
10
Let i be 1265/(-6) + (-9)/(56 + -2). Let y = i - -243. What is the greatest common divisor of y and 144?
16
Suppose 0 = -8*m + 114 - 98. Suppose 0 = 4*h + 5*t - 1282, -m*h - t + 423 = -221. What is the highest common factor of 38 and h?
19
Suppose 4*i - 5*o + 764 = 7*i, -4*i + 5*o + 1042 = 0. Suppose y - 4*w = 422, -9*w + 10*w = 2. What is the highest common divisor of y and i?
86
Let h = 124 + -142. Let j be (-78)/((-27)/h*(-2)/6). Calculate the highest common factor of 12 and j.
12
Let s = 173 + -93. Suppose -4*b + 98 = 2*z - 98, -303 = -3*z + 3*b. Calculate the highest common factor of s and z.
20
Suppose -5*g = 15, -g = 5*f - 2*g - 178. Let w(i) = 8*i + 174. Let t = -39 - -26. Let b be w(t). Calculate the greatest common factor of b and f.
35
Let q(u) = -8*u + 327. Let l be q(33). What is the greatest common divisor of l and 175?
7
Let r be (-36)/54 + 4/6. Let g be 20/40 + (-54)/(-4). Suppose -2*d + g = -r*d. Calculate the highest common factor of 1 and d.
1
Let s = 178 + -170. Let n be -4*s/(128/(-28)). Calculate the highest common divisor of 7 and n.
7
Let q = 122 + 173. Suppose 5*o - q = -3*h, 3*h + 0*h - 275 = -o. Let z = -63 + h. Calculate the greatest common factor of z and 36.
9
Let w(l) = -16*l + 109. Let v be w(-36). Suppose -3*b + v = 676. Calculate the highest common divisor of 11 and b.
1
Let w = -5783 - -11693. What is the greatest common factor of 30 and w?
30
Let x = 16480 - 16279. Calculate the greatest common divisor of x and 4958.
67
Let g = 9 - 5. Suppose -33 + 1 = -g*p. Let v be ((-48)/(-360)*48)/(1/10). What is the greatest common divisor of p and v?
8
Let n be (0 - 6/27) + (-259)/9*-8. What is the highest common factor of 2645 and n?
115
Let m be (0 - 12/(-10))*(-50)/(-5). Suppose 14*k + m = 15*k. What is the highest common divisor of 132 and k?
12
Suppose 4*o + 2*g = 6744, -22*g + 17*g + 1713 = o. What is the greatest common factor of 459 and o?
153
Suppose 4*l - 46*g = -51*g + 90, -2*g - 12 = 0. Calculate the highest common factor of l and 165.
15
Suppose h + m + 3*m - 110 = 0, -h + 95 = -m. Let k be h*(2/4 + 12/(-8)). Let y = k + 152. Calculate the highest common factor of 27 and y.
27
Suppose -71*v - 251*v + 27248 = -60*v. What is the highest common divisor of v and 512?
8
Suppose 0 = -4*o + 119 + 129. Suppose -155*i + 1725 = -130*i. Suppose q = -3*a + i, -2*q + 4*a + 200 = o. Calculate the greatest common divisor of q and 23.
23
Suppose -1268 = 4*d + 3*y - 5820, -2*d = 3*y - 2270. What is the highest common divisor of 21 and d?
7
Let m(g) = -2 + 20*g - 6*g - 16*g + 4. Let k be m(-4). Let l = 71 + -26. Calculate the highest common divisor of l and k.
5
Suppose 8*b = 164 - 140. Suppose -2*l + 65*o + 44 = 70*o, b*l - 73 = -4*o. What is the greatest common divisor of 72 and l?
9
Let i(t) = -5*t - 114. Let w be i(-23). Let o(a) = -11*a - 109. Let q be o(-10). What is the greatest common divisor of q and w?
1
Let y(r) = -r**3 - 36*r**2 - r - 50. Let m be y(-36). Let c(f) = -6*f - 4. Let u be c(-4). Let a = m + u. What is the greatest common divisor of a and 9?
3
Let n = 5642 - 5549. What is the highest common divisor of n and 620?
31
Suppose -5*r = -2274 - 286. What is the highest common divisor of r and 2?
2
Let o be 4/14 - (-2)/((-28)/(-1802)). Suppose 4*h - 102 = -b, 4*b - h - 356 = -4*h. What is the highest common factor of b and o?
43
Let k be -120*2/(-39) + (-6)/39. Let f be ((-44)/(-16))/(k/48). What is the highest common factor of 2 and f?
2
Suppose 0 = -2*s - 2*z + 3172, 3*s - 46*z = -41*z + 4766. What is the highest common factor of 207 and s?
69
Let s = 292 + -148. Let r be (1 + -2 - 0) + 43 + 6. Let v be 760/r + 5/30. What is the highest common factor of v and s?
16
Let j = 29078 + -11976. Calculate the greatest common divisor of j and 34.
34
Let t be (8*10)/5 - -4. Suppose 39*x = 35*x + t. Let a(u) = -u - 1. Let b be a(-6). Calculate the highest common divisor of x and b.
5
Let n be (-210)/((-623)/42 - -14). What is the greatest common factor of 612 and n?
36
Let o(t) = t**3 + 74*t**2 + 51*t + 170. Let j be o(-73). What is the greatest common divisor of 518 and j?
74
Suppose 0 = -l + 56 - 6. Let f be (-58 + -5)*(l/14 - 1). Let d be (2/6)/(((-2)/f)/1). Calculate the greatest common divisor of 9 and d.
9
Let x be 11 + (-10)/(-5) + -6. Suppose -3437 = -x*a - 434. Calculate the greatest common factor of 78 and a.
39
Let f = -557 - -561. Suppose 0 = -9*l + f*l - 5*a + 390, -a + 406 = 5*l. What is the greatest common factor of l and 41?
41
Suppose 51*g = 52*g - 2205. What is the greatest common divisor of g and 30?
15
Let y(o) = -92*o - 1. Let l be y(-4). Suppose 0 = 2*t - 9 - l. Let u(w) = -490*w + 537. Let c be u(1). What is the greatest common factor of t and c?
47
Let z(t) = -2*t**3 - 13*t**2 + 41*t + 35. Let i be z(-10). What is the highest common divisor of i and 520?
65
Let r = 6164 + -5580. Calculate the greatest common factor of r and 1898.
146
Let b be 39 + (-1575)/(-30) + 1/2. What is the highest common factor of b and 25898?
46
Let m(o) be the first derivative of 39*o**2/2 + 22*o - 120. Let h be m(2). Calculate the greatest common factor of 4 and h.
4
Let v be ((-4)/2 - -5) + 0 + 37. Let k(l) = -l**3 + 6*l**2 - 4*l + 35. Let r be k(5). What is the highest common divisor of v and r?
40
Let z = -1421 + 1443. Let w = -64 - -152. Calcula